{"id":571,"date":"2024-12-03T18:01:36","date_gmt":"2024-12-03T18:01:36","guid":{"rendered":"https:\/\/www.greens-maps.ch\/?page_id=571"},"modified":"2024-12-11T05:26:52","modified_gmt":"2024-12-11T05:26:52","slug":"konformitaet","status":"publish","type":"page","link":"https:\/\/www.greens-maps.ch\/?page_id=571&lang=de","title":{"rendered":"Konformit\u00e4t"},"content":{"rendered":"\t\t<div data-elementor-type=\"wp-page\" data-elementor-id=\"571\" class=\"elementor elementor-571 elementor-384\">\n\t\t\t\t<div class=\"elementor-element elementor-element-ec42943 e-flex e-con-boxed e-con e-parent\" data-id=\"ec42943\" data-element_type=\"container\">\n\t\t\t\t\t<div class=\"e-con-inner\">\n\t\t\t\t<div class=\"elementor-element elementor-element-02fdb03 elementor-widget elementor-widget-heading\" data-id=\"02fdb03\" data-element_type=\"widget\" data-widget_type=\"heading.default\">\n\t\t\t\t<div class=\"elementor-widget-container\">\n\t\t\t<h2 class=\"elementor-heading-title elementor-size-default\">Ja, die Green-Karten sind konform mit den Regeln von R&amp;A und USGA.<\/h2>\t\t<\/div>\n\t\t\t\t<\/div>\n\t\t<div class=\"elementor-element elementor-element-e90e75e e-con-full e-flex e-con e-child\" data-id=\"e90e75e\" data-element_type=\"container\">\n\t\t<div class=\"elementor-element elementor-element-f6664af e-grid e-con-full e-con e-child\" data-id=\"f6664af\" data-element_type=\"container\">\n\t\t\t\t<div class=\"elementor-element elementor-element-6e2d6b7 elementor-widget elementor-widget-text-editor\" data-id=\"6e2d6b7\" data-element_type=\"widget\" data-widget_type=\"text-editor.default\">\n\t\t\t\t<div class=\"elementor-widget-container\">\n\t\t\t\t\t\t\t<p style=\"font-weight: 400;\">Unsere pr\u00e4zisen Green-Karten wurden vollst\u00e4ndig im Einklang mit den <strong>geltenden Golfregeln<\/strong>, insbesondere der <a href=\"https:\/\/www.usga.org\/content\/usga\/home-page\/articles\/2018\/10\/usga-r-a-finalize-limits-on-green-reading-materials-in-golf.html\"><strong>r\u00e8gle 4.3a\/1<\/strong><\/a>., entwickelt. Diese regelt die Nutzung von Hilfsmitteln und Materialien auf dem Platz, um die Fairness zwischen allen Spielern sicherzustellen \u2013 sei es im Wettbewerb oder bei Freizeitpartien. <\/p>\n<p style=\"font-weight: 400;\">Jede Karte wird nach Spezifikationen erstellt, die die vorgegebenen Grenzen dieser Regel strikt einh\u00e4lt, insbesondere hinsichtlich des Detaillierungsgrads und der Ma\u00dfst\u00e4be. Sie k\u00f6nnen diese Karten Ihren Mitglieder-innen und Besucher-innen daher mit gutem Gewissen zur Verf\u00fcgung stellen, da sie den von den Golfbeh\u00f6rden festgelegten Standards entsprechen. <\/p>\n<p><span style=\"font-weight: 400;\">Mit der Einf\u00fchrung unserer Karten bieten Sie Golferinnen und Golfer ein wertvolles Werkzeug, das ihr Spielerlebnis optimiert und gleichzeitig vollst\u00e4ndig regelkonform ist. Ein zus\u00e4tzlicher Vorteil, um das Vertrauen und die Zufriedenheit Ihrer Spieler-innen zu st\u00e4rken und Ihren Golfplatz aufzuwerten. <\/span><\/p>\n\t\t\t\t\t\t<\/div>\n\t\t\t\t<\/div>\n\t\t\t\t<div class=\"elementor-element elementor-element-a971375 elementor-widget elementor-widget-image\" data-id=\"a971375\" data-element_type=\"widget\" data-widget_type=\"image.default\">\n\t\t\t\t<div class=\"elementor-widget-container\">\n\t\t\t\t\t\t\t\t\t\t\t\t\t<img fetchpriority=\"high\" decoding=\"async\" width=\"800\" height=\"457\" src=\"https:\/\/www.greens-maps.ch\/wp-content\/uploads\/2024\/12\/Conformite-2-1024x585.png\" class=\"attachment-large size-large wp-image-562\" alt=\"\" srcset=\"https:\/\/www.greens-maps.ch\/wp-content\/uploads\/2024\/12\/Conformite-2-1024x585.png 1024w, https:\/\/www.greens-maps.ch\/wp-content\/uploads\/2024\/12\/Conformite-2-300x171.png 300w, https:\/\/www.greens-maps.ch\/wp-content\/uploads\/2024\/12\/Conformite-2-768x439.png 768w, https:\/\/www.greens-maps.ch\/wp-content\/uploads\/2024\/12\/Conformite-2.png 1400w\" sizes=\"(max-width: 800px) 100vw, 800px\" \/>\t\t\t\t\t\t\t\t\t\t\t\t\t<\/div>\n\t\t\t\t<\/div>\n\t\t\t\t<\/div>\n\t\t\t\t<\/div>\n\t\t\t\t<div class=\"elementor-element elementor-element-d3a333a elementor-widget elementor-widget-spacer\" data-id=\"d3a333a\" data-element_type=\"widget\" data-widget_type=\"spacer.default\">\n\t\t\t\t<div class=\"elementor-widget-container\">\n\t\t\t\t\t<div class=\"elementor-spacer\">\n\t\t\t<div class=\"elementor-spacer-inner\"><\/div>\n\t\t<\/div>\n\t\t\t\t<\/div>\n\t\t\t\t<\/div>\n\t\t\t\t\t<\/div>\n\t\t\t\t<\/div>\n\t\t<div class=\"elementor-element elementor-element-816569b e-flex e-con-boxed e-con e-parent\" data-id=\"816569b\" data-element_type=\"container\">\n\t\t\t\t\t<div class=\"e-con-inner\">\n\t\t\t\t<div class=\"elementor-element elementor-element-3e8b9b6 elementor-widget elementor-widget-image\" data-id=\"3e8b9b6\" data-element_type=\"widget\" data-widget_type=\"image.default\">\n\t\t\t\t<div class=\"elementor-widget-container\">\n\t\t\t\t\t\t\t\t\t\t\t\t\t\t<a href=\"https:\/\/www.usga.org\/content\/dam\/usga\/pdf\/2023\/rules\/2023GRMBestPractices-Infographic.pdf\" target=\"_blank\">\n\t\t\t\t\t\t\t<img decoding=\"async\" width=\"792\" height=\"1024\" src=\"https:\/\/www.greens-maps.ch\/wp-content\/uploads\/2024\/12\/Capture-decran-2024-12-03-a-19.07.32-792x1024.png\" class=\"attachment-large size-large wp-image-386\" alt=\"\" srcset=\"https:\/\/www.greens-maps.ch\/wp-content\/uploads\/2024\/12\/Capture-decran-2024-12-03-a-19.07.32-792x1024.png 792w, https:\/\/www.greens-maps.ch\/wp-content\/uploads\/2024\/12\/Capture-decran-2024-12-03-a-19.07.32-232x300.png 232w, https:\/\/www.greens-maps.ch\/wp-content\/uploads\/2024\/12\/Capture-decran-2024-12-03-a-19.07.32-768x993.png 768w, https:\/\/www.greens-maps.ch\/wp-content\/uploads\/2024\/12\/Capture-decran-2024-12-03-a-19.07.32-1188x1536.png 1188w, https:\/\/www.greens-maps.ch\/wp-content\/uploads\/2024\/12\/Capture-decran-2024-12-03-a-19.07.32.png 1551w\" sizes=\"(max-width: 792px) 100vw, 792px\" \/>\t\t\t\t\t\t\t\t<\/a>\n\t\t\t\t\t\t\t\t\t\t\t\t\t<\/div>\n\t\t\t\t<\/div>\n\t\t\t\t\t<\/div>\n\t\t\t\t<\/div>\n\t\t\t\t<\/div>\n\t\t","protected":false},"excerpt":{"rendered":"<p>Ja, die Green-Karten sind konform mit den Regeln von R&amp;A und USGA. Unsere pr\u00e4zisen Green-Karten wurden vollst\u00e4ndig im Einklang mit den geltenden Golfregeln, insbesondere der r\u00e8gle 4.3a\/1., entwickelt. Diese regelt die Nutzung von Hilfsmitteln und Materialien auf dem Platz, um die Fairness zwischen allen Spielern sicherzustellen \u2013 sei es im Wettbewerb oder bei Freizeitpartien. Jede [&hellip;]<\/p>\n","protected":false},"author":1,"featured_media":0,"parent":0,"menu_order":0,"comment_status":"closed","ping_status":"closed","template":"","meta":{"footnotes":""},"class_list":["post-571","page","type-page","status-publish","hentry"],"_links":{"self":[{"href":"https:\/\/www.greens-maps.ch\/index.php?rest_route=\/wp\/v2\/pages\/571","targetHints":{"allow":["GET"]}}],"collection":[{"href":"https:\/\/www.greens-maps.ch\/index.php?rest_route=\/wp\/v2\/pages"}],"about":[{"href":"https:\/\/www.greens-maps.ch\/index.php?rest_route=\/wp\/v2\/types\/page"}],"author":[{"embeddable":true,"href":"https:\/\/www.greens-maps.ch\/index.php?rest_route=\/wp\/v2\/users\/1"}],"replies":[{"embeddable":true,"href":"https:\/\/www.greens-maps.ch\/index.php?rest_route=%2Fwp%2Fv2%2Fcomments&post=571"}],"version-history":[{"count":3,"href":"https:\/\/www.greens-maps.ch\/index.php?rest_route=\/wp\/v2\/pages\/571\/revisions"}],"predecessor-version":[{"id":595,"href":"https:\/\/www.greens-maps.ch\/index.php?rest_route=\/wp\/v2\/pages\/571\/revisions\/595"}],"wp:attachment":[{"href":"https:\/\/www.greens-maps.ch\/index.php?rest_route=%2Fwp%2Fv2%2Fmedia&parent=571"}],"curies":[{"name":"wp","href":"https:\/\/api.w.org\/{rel}","templated":true}]}}