{"id":384,"date":"2024-12-03T18:01:36","date_gmt":"2024-12-03T18:01:36","guid":{"rendered":"https:\/\/www.greens-maps.ch\/?page_id=384"},"modified":"2024-12-09T18:21:34","modified_gmt":"2024-12-09T18:21:34","slug":"conformite","status":"publish","type":"page","link":"https:\/\/www.greens-maps.ch\/?page_id=384","title":{"rendered":"Conformit\u00e9"},"content":{"rendered":"\t\t<div data-elementor-type=\"wp-page\" data-elementor-id=\"384\" class=\"elementor elementor-384\">\n\t\t\t\t<div class=\"elementor-element elementor-element-ec42943 e-flex e-con-boxed e-con e-parent\" data-id=\"ec42943\" data-element_type=\"container\">\n\t\t\t\t\t<div class=\"e-con-inner\">\n\t\t\t\t<div class=\"elementor-element elementor-element-02fdb03 elementor-widget elementor-widget-heading\" data-id=\"02fdb03\" data-element_type=\"widget\" data-widget_type=\"heading.default\">\n\t\t\t\t<div class=\"elementor-widget-container\">\n\t\t\t<h2 class=\"elementor-heading-title elementor-size-default\">Oui, les cartes de greens sont conformes aux r\u00e8gles de R&amp;A et USGA<\/h2>\t\t<\/div>\n\t\t\t\t<\/div>\n\t\t<div class=\"elementor-element elementor-element-e90e75e e-con-full e-flex e-con e-child\" data-id=\"e90e75e\" data-element_type=\"container\">\n\t\t<div class=\"elementor-element elementor-element-f6664af e-grid e-con-full e-con e-child\" data-id=\"f6664af\" data-element_type=\"container\">\n\t\t\t\t<div class=\"elementor-element elementor-element-6e2d6b7 elementor-widget elementor-widget-text-editor\" data-id=\"6e2d6b7\" data-element_type=\"widget\" data-widget_type=\"text-editor.default\">\n\t\t\t\t<div class=\"elementor-widget-container\">\n\t\t\t\t\t\t\t<p style=\"font-weight: 400;\">Nos cartes de greens pr\u00e9cises sont con\u00e7ues dans le respect total des <strong>r\u00e8gles de golf en vigueur<\/strong>, et notamment de la <a href=\"https:\/\/www.usga.org\/content\/usga\/home-page\/articles\/2018\/10\/usga-r-a-finalize-limits-on-green-reading-materials-in-golf.html\"><strong>r\u00e8gle 4.3a\/1<\/strong><\/a>. Cette r\u00e8gle encadre l\u2019utilisation des aides et du mat\u00e9riel sur le parcours afin de garantir l\u2019\u00e9quit\u00e9 entre tous les joueuses et joueurs, que ce soit en comp\u00e9tition ou lors de parties amicales.<\/p><p style=\"font-weight: 400;\">Chaque carte est r\u00e9alis\u00e9e selon des sp\u00e9cifications qui respectent strictement les limites fix\u00e9es par cette r\u00e8gle, notamment en termes de niveau de d\u00e9tail et d\u2019\u00e9chelle. Vous pouvez donc proposer ces cartes \u00e0 vos membres et visiteurs en toute s\u00e9r\u00e9nit\u00e9, sachant qu\u2019elles sont conformes aux standards \u00e9tablis par les autorit\u00e9s du golf.<\/p><p><span style=\"font-weight: 400;\">En adoptant nos cartes, vous offrez \u00e0 vos golfeurs un outil pr\u00e9cieux qui optimise leur exp\u00e9rience de jeu tout en \u00e9tant parfaitement align\u00e9 avec les exigences r\u00e9glementaires. Un atout suppl\u00e9mentaire pour renforcer la confiance et la satisfaction de vos joueuses et joueurs tout en valorisant votre parcours.<\/span><\/p>\t\t\t\t\t\t<\/div>\n\t\t\t\t<\/div>\n\t\t\t\t<div class=\"elementor-element elementor-element-a971375 elementor-widget elementor-widget-image\" data-id=\"a971375\" data-element_type=\"widget\" data-widget_type=\"image.default\">\n\t\t\t\t<div class=\"elementor-widget-container\">\n\t\t\t\t\t\t\t\t\t\t\t\t\t<img fetchpriority=\"high\" decoding=\"async\" width=\"800\" height=\"457\" src=\"https:\/\/www.greens-maps.ch\/wp-content\/uploads\/2024\/12\/Conformite-2-1024x585.png\" class=\"attachment-large size-large wp-image-562\" alt=\"\" srcset=\"https:\/\/www.greens-maps.ch\/wp-content\/uploads\/2024\/12\/Conformite-2-1024x585.png 1024w, https:\/\/www.greens-maps.ch\/wp-content\/uploads\/2024\/12\/Conformite-2-300x171.png 300w, https:\/\/www.greens-maps.ch\/wp-content\/uploads\/2024\/12\/Conformite-2-768x439.png 768w, https:\/\/www.greens-maps.ch\/wp-content\/uploads\/2024\/12\/Conformite-2.png 1400w\" sizes=\"(max-width: 800px) 100vw, 800px\" \/>\t\t\t\t\t\t\t\t\t\t\t\t\t<\/div>\n\t\t\t\t<\/div>\n\t\t\t\t<\/div>\n\t\t\t\t<\/div>\n\t\t\t\t<div class=\"elementor-element elementor-element-d3a333a elementor-widget elementor-widget-spacer\" data-id=\"d3a333a\" data-element_type=\"widget\" data-widget_type=\"spacer.default\">\n\t\t\t\t<div class=\"elementor-widget-container\">\n\t\t\t\t\t<div class=\"elementor-spacer\">\n\t\t\t<div class=\"elementor-spacer-inner\"><\/div>\n\t\t<\/div>\n\t\t\t\t<\/div>\n\t\t\t\t<\/div>\n\t\t\t\t\t<\/div>\n\t\t\t\t<\/div>\n\t\t<div class=\"elementor-element elementor-element-816569b e-flex e-con-boxed e-con e-parent\" data-id=\"816569b\" data-element_type=\"container\">\n\t\t\t\t\t<div class=\"e-con-inner\">\n\t\t\t\t<div class=\"elementor-element elementor-element-3e8b9b6 elementor-widget elementor-widget-image\" data-id=\"3e8b9b6\" data-element_type=\"widget\" data-widget_type=\"image.default\">\n\t\t\t\t<div class=\"elementor-widget-container\">\n\t\t\t\t\t\t\t\t\t\t\t\t\t\t<a href=\"https:\/\/www.usga.org\/content\/dam\/usga\/pdf\/2023\/rules\/2023GRMBestPractices-Infographic.pdf\" target=\"_blank\">\n\t\t\t\t\t\t\t<img decoding=\"async\" width=\"792\" height=\"1024\" src=\"https:\/\/www.greens-maps.ch\/wp-content\/uploads\/2024\/12\/Capture-decran-2024-12-03-a-19.07.32-792x1024.png\" class=\"attachment-large size-large wp-image-386\" alt=\"\" srcset=\"https:\/\/www.greens-maps.ch\/wp-content\/uploads\/2024\/12\/Capture-decran-2024-12-03-a-19.07.32-792x1024.png 792w, https:\/\/www.greens-maps.ch\/wp-content\/uploads\/2024\/12\/Capture-decran-2024-12-03-a-19.07.32-232x300.png 232w, https:\/\/www.greens-maps.ch\/wp-content\/uploads\/2024\/12\/Capture-decran-2024-12-03-a-19.07.32-768x993.png 768w, https:\/\/www.greens-maps.ch\/wp-content\/uploads\/2024\/12\/Capture-decran-2024-12-03-a-19.07.32-1188x1536.png 1188w, https:\/\/www.greens-maps.ch\/wp-content\/uploads\/2024\/12\/Capture-decran-2024-12-03-a-19.07.32.png 1551w\" sizes=\"(max-width: 792px) 100vw, 792px\" \/>\t\t\t\t\t\t\t\t<\/a>\n\t\t\t\t\t\t\t\t\t\t\t\t\t<\/div>\n\t\t\t\t<\/div>\n\t\t\t\t\t<\/div>\n\t\t\t\t<\/div>\n\t\t\t\t<\/div>\n\t\t","protected":false},"excerpt":{"rendered":"<p>Oui, les cartes de greens sont conformes aux r\u00e8gles de R&amp;A et USGA Nos cartes de greens pr\u00e9cises sont con\u00e7ues dans le respect total des r\u00e8gles de golf en vigueur, et notamment de la r\u00e8gle 4.3a\/1. Cette r\u00e8gle encadre l\u2019utilisation des aides et du mat\u00e9riel sur le parcours afin de garantir l\u2019\u00e9quit\u00e9 entre tous les [&hellip;]<\/p>\n","protected":false},"author":1,"featured_media":0,"parent":0,"menu_order":0,"comment_status":"closed","ping_status":"closed","template":"","meta":{"footnotes":""},"class_list":["post-384","page","type-page","status-publish","hentry"],"_links":{"self":[{"href":"https:\/\/www.greens-maps.ch\/index.php?rest_route=\/wp\/v2\/pages\/384","targetHints":{"allow":["GET"]}}],"collection":[{"href":"https:\/\/www.greens-maps.ch\/index.php?rest_route=\/wp\/v2\/pages"}],"about":[{"href":"https:\/\/www.greens-maps.ch\/index.php?rest_route=\/wp\/v2\/types\/page"}],"author":[{"embeddable":true,"href":"https:\/\/www.greens-maps.ch\/index.php?rest_route=\/wp\/v2\/users\/1"}],"replies":[{"embeddable":true,"href":"https:\/\/www.greens-maps.ch\/index.php?rest_route=%2Fwp%2Fv2%2Fcomments&post=384"}],"version-history":[{"count":22,"href":"https:\/\/www.greens-maps.ch\/index.php?rest_route=\/wp\/v2\/pages\/384\/revisions"}],"predecessor-version":[{"id":570,"href":"https:\/\/www.greens-maps.ch\/index.php?rest_route=\/wp\/v2\/pages\/384\/revisions\/570"}],"wp:attachment":[{"href":"https:\/\/www.greens-maps.ch\/index.php?rest_route=%2Fwp%2Fv2%2Fmedia&parent=384"}],"curies":[{"name":"wp","href":"https:\/\/api.w.org\/{rel}","templated":true}]}}