{"id":294,"date":"2024-12-03T06:01:20","date_gmt":"2024-12-03T06:01:20","guid":{"rendered":"https:\/\/www.greens-maps.ch\/?page_id=294"},"modified":"2024-12-10T20:08:02","modified_gmt":"2024-12-10T20:08:02","slug":"produit","status":"publish","type":"page","link":"https:\/\/www.greens-maps.ch\/?page_id=294","title":{"rendered":"Produit"},"content":{"rendered":"\t\t<div data-elementor-type=\"wp-page\" data-elementor-id=\"294\" class=\"elementor elementor-294\">\n\t\t\t\t<div class=\"elementor-element elementor-element-3bcb824 e-flex e-con-boxed e-con e-parent\" data-id=\"3bcb824\" data-element_type=\"container\">\n\t\t\t\t\t<div class=\"e-con-inner\">\n\t\t\t\t<div class=\"elementor-element elementor-element-7880e6b elementor-widget elementor-widget-heading\" data-id=\"7880e6b\" data-element_type=\"widget\" data-widget_type=\"heading.default\">\n\t\t\t\t<div class=\"elementor-widget-container\">\n\t\t\t<h2 class=\"elementor-heading-title elementor-size-default\">Etapes du projet<\/h2>\t\t<\/div>\n\t\t\t\t<\/div>\n\t\t<div class=\"elementor-element elementor-element-b3d9e35 e-grid e-con-full e-con e-child\" data-id=\"b3d9e35\" data-element_type=\"container\">\n\t\t\t\t<div class=\"elementor-element elementor-element-331c1ed elementor-widget elementor-widget-image\" data-id=\"331c1ed\" data-element_type=\"widget\" data-widget_type=\"image.default\">\n\t\t\t\t<div class=\"elementor-widget-container\">\n\t\t\t\t\t\t\t\t\t\t\t\t\t<img fetchpriority=\"high\" decoding=\"async\" width=\"800\" height=\"457\" src=\"https:\/\/www.greens-maps.ch\/wp-content\/uploads\/2024\/12\/DALL\u00b7E-2024-12-03-08.25.52-A-realistic-scene-of-a-meeting-taking-place-in-a-vintage-style-conference-room-at-a-golf-club.-The-room-features-an-older-classic-look-with-wooden-pa-1024x585.webp\" class=\"attachment-large size-large wp-image-321\" alt=\"\" srcset=\"https:\/\/www.greens-maps.ch\/wp-content\/uploads\/2024\/12\/DALL\u00b7E-2024-12-03-08.25.52-A-realistic-scene-of-a-meeting-taking-place-in-a-vintage-style-conference-room-at-a-golf-club.-The-room-features-an-older-classic-look-with-wooden-pa-1024x585.webp 1024w, https:\/\/www.greens-maps.ch\/wp-content\/uploads\/2024\/12\/DALL\u00b7E-2024-12-03-08.25.52-A-realistic-scene-of-a-meeting-taking-place-in-a-vintage-style-conference-room-at-a-golf-club.-The-room-features-an-older-classic-look-with-wooden-pa-300x171.webp 300w, https:\/\/www.greens-maps.ch\/wp-content\/uploads\/2024\/12\/DALL\u00b7E-2024-12-03-08.25.52-A-realistic-scene-of-a-meeting-taking-place-in-a-vintage-style-conference-room-at-a-golf-club.-The-room-features-an-older-classic-look-with-wooden-pa-768x439.webp 768w, https:\/\/www.greens-maps.ch\/wp-content\/uploads\/2024\/12\/DALL\u00b7E-2024-12-03-08.25.52-A-realistic-scene-of-a-meeting-taking-place-in-a-vintage-style-conference-room-at-a-golf-club.-The-room-features-an-older-classic-look-with-wooden-pa-1536x878.webp 1536w, https:\/\/www.greens-maps.ch\/wp-content\/uploads\/2024\/12\/DALL\u00b7E-2024-12-03-08.25.52-A-realistic-scene-of-a-meeting-taking-place-in-a-vintage-style-conference-room-at-a-golf-club.-The-room-features-an-older-classic-look-with-wooden-pa.webp 1792w\" sizes=\"(max-width: 800px) 100vw, 800px\" \/>\t\t\t\t\t\t\t\t\t\t\t\t\t<\/div>\n\t\t\t\t<\/div>\n\t\t\t\t<div class=\"elementor-element elementor-element-fbba5aa elementor-widget elementor-widget-text-editor\" data-id=\"fbba5aa\" data-element_type=\"widget\" data-widget_type=\"text-editor.default\">\n\t\t\t\t<div class=\"elementor-widget-container\">\n\t\t\t\t\t\t\t<p>Une fois la phase commerciale finalis\u00e9e \u00e0 la satisfaction de toutes les parties, le projet peut d\u00e9marrer de mani\u00e8re collaborative.<\/p><p>La premi\u00e8re \u00e9tape consistera \u00e0 d\u00e9finir conjointement les caract\u00e9ristiques graphiques des couches topographiques, notamment leur style et la densit\u00e9 des \u00e9l\u00e9ments \u00e0 repr\u00e9senter.<\/p><p>Une fois ces param\u00e8tres valid\u00e9s, la phase de traitement des donn\u00e9es pourra d\u00e9buter.<\/p><p>Selon les r\u00e9sultats obtenus, notamment en ce qui concerne la densit\u00e9 des \u00e9l\u00e9ments, une nouvelle phase d\u2019ajustement des donn\u00e9es pourra \u00eatre envisag\u00e9e pour affiner le rendu.<\/p><p>Enfin, le client disposera des outils n\u00e9cessaires pour ajuster de mani\u00e8re autonome les \u00e9l\u00e9ments graphiques et produire les cartes au format physique souhait\u00e9.<\/p>\t\t\t\t\t\t<\/div>\n\t\t\t\t<\/div>\n\t\t\t\t<\/div>\n\t\t\t\t\t<\/div>\n\t\t\t\t<\/div>\n\t\t<div class=\"elementor-element elementor-element-ca79c2d e-flex e-con-boxed e-con e-parent\" data-id=\"ca79c2d\" data-element_type=\"container\">\n\t\t\t\t\t<div class=\"e-con-inner\">\n\t\t\t\t<div class=\"elementor-element elementor-element-a154121 elementor-widget elementor-widget-heading\" data-id=\"a154121\" data-element_type=\"widget\" data-widget_type=\"heading.default\">\n\t\t\t\t<div class=\"elementor-widget-container\">\n\t\t\t<h2 class=\"elementor-heading-title elementor-size-default\">Livrables du produit<\/h2>\t\t<\/div>\n\t\t\t\t<\/div>\n\t\t<div class=\"elementor-element elementor-element-d7a93e9 e-grid e-con-full e-con e-child\" data-id=\"d7a93e9\" data-element_type=\"container\">\n\t\t\t\t<div class=\"elementor-element elementor-element-7f401ec elementor-widget elementor-widget-text-editor\" data-id=\"7f401ec\" data-element_type=\"widget\" data-widget_type=\"text-editor.default\">\n\t\t\t\t<div class=\"elementor-widget-container\">\n\t\t\t\t\t\t\t<p><strong>Le client recevra:<\/strong><\/p><ul><li>Un fichier image en haute r\u00e9solution (300dpi) par green<\/li><li>Les fichiers des diff\u00e9rentes couches topographiques (relief, lignes de niveau, direction des pentes) pour chaque green.<\/li><li>Un r\u00e9pertoire contenant tout les fichiers n\u00e9cessaires pour modifier les caract\u00e9ristiques graphiques des couches des cartes de greens \u00e0 l&#8217;aide du logiciel gratuit <a href=\"https:\/\/www.qgis.org\/\" target=\"_blank\" rel=\"noopener\">QGIS<\/a><\/li><li>Une formation concise \u00e0 l\u2019utilisation de QGIS pour assurer une prise en main rapide et efficace.<\/li><li>\u00a0<\/li><\/ul>\t\t\t\t\t\t<\/div>\n\t\t\t\t<\/div>\n\t\t\t\t<div class=\"elementor-element elementor-element-4deb534 elementor-widget elementor-widget-image\" data-id=\"4deb534\" data-element_type=\"widget\" data-widget_type=\"image.default\">\n\t\t\t\t<div class=\"elementor-widget-container\">\n\t\t\t\t\t\t\t\t\t\t\t\t\t<img decoding=\"async\" width=\"800\" height=\"457\" src=\"https:\/\/www.greens-maps.ch\/wp-content\/uploads\/2024\/12\/DALL\u00b7E-2024-12-03-07.20.20-A-realistic-scene-depicting-a-user-working-with-the-QGIS-software-to-visualize-a-map-of-golf-greens-on-a-computer-screen.-The-environment-is-styled-li-1024x585.webp\" class=\"attachment-large size-large wp-image-309\" alt=\"\" srcset=\"https:\/\/www.greens-maps.ch\/wp-content\/uploads\/2024\/12\/DALL\u00b7E-2024-12-03-07.20.20-A-realistic-scene-depicting-a-user-working-with-the-QGIS-software-to-visualize-a-map-of-golf-greens-on-a-computer-screen.-The-environment-is-styled-li-1024x585.webp 1024w, https:\/\/www.greens-maps.ch\/wp-content\/uploads\/2024\/12\/DALL\u00b7E-2024-12-03-07.20.20-A-realistic-scene-depicting-a-user-working-with-the-QGIS-software-to-visualize-a-map-of-golf-greens-on-a-computer-screen.-The-environment-is-styled-li-300x171.webp 300w, https:\/\/www.greens-maps.ch\/wp-content\/uploads\/2024\/12\/DALL\u00b7E-2024-12-03-07.20.20-A-realistic-scene-depicting-a-user-working-with-the-QGIS-software-to-visualize-a-map-of-golf-greens-on-a-computer-screen.-The-environment-is-styled-li-768x439.webp 768w, https:\/\/www.greens-maps.ch\/wp-content\/uploads\/2024\/12\/DALL\u00b7E-2024-12-03-07.20.20-A-realistic-scene-depicting-a-user-working-with-the-QGIS-software-to-visualize-a-map-of-golf-greens-on-a-computer-screen.-The-environment-is-styled-li-1536x878.webp 1536w, https:\/\/www.greens-maps.ch\/wp-content\/uploads\/2024\/12\/DALL\u00b7E-2024-12-03-07.20.20-A-realistic-scene-depicting-a-user-working-with-the-QGIS-software-to-visualize-a-map-of-golf-greens-on-a-computer-screen.-The-environment-is-styled-li.webp 1792w\" sizes=\"(max-width: 800px) 100vw, 800px\" \/>\t\t\t\t\t\t\t\t\t\t\t\t\t<\/div>\n\t\t\t\t<\/div>\n\t\t\t\t<\/div>\n\t\t\t\t\t<\/div>\n\t\t\t\t<\/div>\n\t\t<div class=\"elementor-element elementor-element-3385fcb e-flex e-con-boxed e-con e-parent\" data-id=\"3385fcb\" data-element_type=\"container\">\n\t\t\t\t\t<div class=\"e-con-inner\">\n\t\t\t\t<div class=\"elementor-element elementor-element-29dfaa4 elementor-widget elementor-widget-heading\" data-id=\"29dfaa4\" data-element_type=\"widget\" data-widget_type=\"heading.default\">\n\t\t\t\t<div class=\"elementor-widget-container\">\n\t\t\t<h2 class=\"elementor-heading-title elementor-size-default\">options du produit<\/h2>\t\t<\/div>\n\t\t\t\t<\/div>\n\t\t<div class=\"elementor-element elementor-element-5b3568f e-grid e-con-full e-con e-child\" data-id=\"5b3568f\" data-element_type=\"container\">\n\t\t\t\t<div class=\"elementor-element elementor-element-8eece6e elementor-widget elementor-widget-image\" data-id=\"8eece6e\" data-element_type=\"widget\" data-widget_type=\"image.default\">\n\t\t\t\t<div class=\"elementor-widget-container\">\n\t\t\t\t\t\t\t\t\t\t\t\t\t<img decoding=\"async\" width=\"800\" height=\"457\" src=\"https:\/\/www.greens-maps.ch\/wp-content\/uploads\/2024\/12\/DALL\u00b7E-2024-12-03-09.47.08-A-conceptual-image-representing-the-features-of-a-green-mapping-product.-The-image-shows-a-split-screen-design_-one-side-depicts-user-support-with-an--1024x585.webp\" class=\"attachment-large size-large wp-image-329\" alt=\"\" srcset=\"https:\/\/www.greens-maps.ch\/wp-content\/uploads\/2024\/12\/DALL\u00b7E-2024-12-03-09.47.08-A-conceptual-image-representing-the-features-of-a-green-mapping-product.-The-image-shows-a-split-screen-design_-one-side-depicts-user-support-with-an--1024x585.webp 1024w, https:\/\/www.greens-maps.ch\/wp-content\/uploads\/2024\/12\/DALL\u00b7E-2024-12-03-09.47.08-A-conceptual-image-representing-the-features-of-a-green-mapping-product.-The-image-shows-a-split-screen-design_-one-side-depicts-user-support-with-an--300x171.webp 300w, https:\/\/www.greens-maps.ch\/wp-content\/uploads\/2024\/12\/DALL\u00b7E-2024-12-03-09.47.08-A-conceptual-image-representing-the-features-of-a-green-mapping-product.-The-image-shows-a-split-screen-design_-one-side-depicts-user-support-with-an--768x439.webp 768w, https:\/\/www.greens-maps.ch\/wp-content\/uploads\/2024\/12\/DALL\u00b7E-2024-12-03-09.47.08-A-conceptual-image-representing-the-features-of-a-green-mapping-product.-The-image-shows-a-split-screen-design_-one-side-depicts-user-support-with-an--1536x878.webp 1536w, https:\/\/www.greens-maps.ch\/wp-content\/uploads\/2024\/12\/DALL\u00b7E-2024-12-03-09.47.08-A-conceptual-image-representing-the-features-of-a-green-mapping-product.-The-image-shows-a-split-screen-design_-one-side-depicts-user-support-with-an-.webp 1792w\" sizes=\"(max-width: 800px) 100vw, 800px\" \/>\t\t\t\t\t\t\t\t\t\t\t\t\t<\/div>\n\t\t\t\t<\/div>\n\t\t\t\t<div class=\"elementor-element elementor-element-34363f8 elementor-widget elementor-widget-text-editor\" data-id=\"34363f8\" data-element_type=\"widget\" data-widget_type=\"text-editor.default\">\n\t\t\t\t<div class=\"elementor-widget-container\">\n\t\t\t\t\t\t\t<ul><li>Le client peut d\u00e9finir les contours des greens lui-m\u00eame pour r\u00e9duire les co\u00fbts.<\/li><li>Dans le cas o\u00f9 le relief d&#8217;un ou plusieurs greens a \u00e9t\u00e9 modifi\u00e9 depuis le dernier relev\u00e9 LIDAR, une nouvelle num\u00e9risation devra avoir lieu.<\/li><li>Aide \u00e0 la modification des \u00e9l\u00e9ments graphiques subs\u00e9quente \u00e0 la livraison initiale.<\/li><\/ul>\t\t\t\t\t\t<\/div>\n\t\t\t\t<\/div>\n\t\t\t\t<\/div>\n\t\t\t\t\t<\/div>\n\t\t\t\t<\/div>\n\t\t<div class=\"elementor-element elementor-element-e0deedb e-flex e-con-boxed e-con e-parent\" data-id=\"e0deedb\" data-element_type=\"container\">\n\t\t\t\t\t<div class=\"e-con-inner\">\n\t\t\t\t<div class=\"elementor-element elementor-element-174c2d2 elementor-widget elementor-widget-spacer\" data-id=\"174c2d2\" data-element_type=\"widget\" data-widget_type=\"spacer.default\">\n\t\t\t\t<div class=\"elementor-widget-container\">\n\t\t\t\t\t<div class=\"elementor-spacer\">\n\t\t\t<div class=\"elementor-spacer-inner\"><\/div>\n\t\t<\/div>\n\t\t\t\t<\/div>\n\t\t\t\t<\/div>\n\t\t\t\t<div class=\"elementor-element elementor-element-f7ec7f5 elementor-widget elementor-widget-text-editor\" data-id=\"f7ec7f5\" data-element_type=\"widget\" data-widget_type=\"text-editor.default\">\n\t\t\t\t<div class=\"elementor-widget-container\">\n\t\t\t\t\t\t\t<p><strong><a href=\"\/?page_id=334\">Quelle valeur pour mon club de golf?<\/a><\/strong><\/p>\t\t\t\t\t\t<\/div>\n\t\t\t\t<\/div>\n\t\t\t\t\t<\/div>\n\t\t\t\t<\/div>\n\t\t\t\t<\/div>\n\t\t","protected":false},"excerpt":{"rendered":"<p>Etapes du projet Une fois la phase commerciale finalis\u00e9e \u00e0 la satisfaction de toutes les parties, le projet peut d\u00e9marrer de mani\u00e8re collaborative. La premi\u00e8re \u00e9tape consistera \u00e0 d\u00e9finir conjointement les caract\u00e9ristiques graphiques des couches topographiques, notamment leur style et la densit\u00e9 des \u00e9l\u00e9ments \u00e0 repr\u00e9senter. Une fois ces param\u00e8tres valid\u00e9s, la phase de traitement [&hellip;]<\/p>\n","protected":false},"author":1,"featured_media":0,"parent":0,"menu_order":0,"comment_status":"closed","ping_status":"closed","template":"","meta":{"footnotes":""},"class_list":["post-294","page","type-page","status-publish","hentry"],"_links":{"self":[{"href":"https:\/\/www.greens-maps.ch\/index.php?rest_route=\/wp\/v2\/pages\/294","targetHints":{"allow":["GET"]}}],"collection":[{"href":"https:\/\/www.greens-maps.ch\/index.php?rest_route=\/wp\/v2\/pages"}],"about":[{"href":"https:\/\/www.greens-maps.ch\/index.php?rest_route=\/wp\/v2\/types\/page"}],"author":[{"embeddable":true,"href":"https:\/\/www.greens-maps.ch\/index.php?rest_route=\/wp\/v2\/users\/1"}],"replies":[{"embeddable":true,"href":"https:\/\/www.greens-maps.ch\/index.php?rest_route=%2Fwp%2Fv2%2Fcomments&post=294"}],"version-history":[{"count":64,"href":"https:\/\/www.greens-maps.ch\/index.php?rest_route=\/wp\/v2\/pages\/294\/revisions"}],"predecessor-version":[{"id":592,"href":"https:\/\/www.greens-maps.ch\/index.php?rest_route=\/wp\/v2\/pages\/294\/revisions\/592"}],"wp:attachment":[{"href":"https:\/\/www.greens-maps.ch\/index.php?rest_route=%2Fwp%2Fv2%2Fmedia&parent=294"}],"curies":[{"name":"wp","href":"https:\/\/api.w.org\/{rel}","templated":true}]}}