{"id":194,"date":"2024-12-01T15:04:27","date_gmt":"2024-12-01T15:04:27","guid":{"rendered":"https:\/\/www.greens-maps.ch\/?page_id=194"},"modified":"2024-12-11T06:33:32","modified_gmt":"2024-12-11T06:33:32","slug":"new-home","status":"publish","type":"page","link":"https:\/\/www.greens-maps.ch\/","title":{"rendered":"New Home"},"content":{"rendered":"\t\t<div data-elementor-type=\"wp-page\" data-elementor-id=\"194\" class=\"elementor elementor-194\">\n\t\t\t\t<div class=\"elementor-element elementor-element-acdbec3 e-flex e-con-boxed e-con e-parent\" data-id=\"acdbec3\" data-element_type=\"container\">\n\t\t\t\t\t<div class=\"e-con-inner\">\n\t\t<div class=\"elementor-element elementor-element-a054268 e-grid e-con-full e-con e-child\" data-id=\"a054268\" data-element_type=\"container\">\n\t\t\t\t<div class=\"elementor-element elementor-element-710a887 elementor-widget elementor-widget-image\" data-id=\"710a887\" data-element_type=\"widget\" data-widget_type=\"image.default\">\n\t\t\t\t<div class=\"elementor-widget-container\">\n\t\t\t\t\t\t\t\t\t\t\t\t\t<img fetchpriority=\"high\" decoding=\"async\" width=\"800\" height=\"800\" src=\"https:\/\/www.greens-maps.ch\/wp-content\/uploads\/2024\/12\/CarnetGreen03.png\" class=\"attachment-large size-large wp-image-134\" alt=\"\" srcset=\"https:\/\/www.greens-maps.ch\/wp-content\/uploads\/2024\/12\/CarnetGreen03.png 1024w, https:\/\/www.greens-maps.ch\/wp-content\/uploads\/2024\/12\/CarnetGreen03-300x300.png 300w, https:\/\/www.greens-maps.ch\/wp-content\/uploads\/2024\/12\/CarnetGreen03-150x150.png 150w, https:\/\/www.greens-maps.ch\/wp-content\/uploads\/2024\/12\/CarnetGreen03-768x768.png 768w\" sizes=\"(max-width: 800px) 100vw, 800px\" \/>\t\t\t\t\t\t\t\t\t\t\t\t\t<\/div>\n\t\t\t\t<\/div>\n\t\t<div class=\"elementor-element elementor-element-cef62fd e-grid e-con-full e-con e-child\" data-id=\"cef62fd\" data-element_type=\"container\">\n\t\t\t\t<div class=\"elementor-element elementor-element-25dde17 elementor-widget-tablet__width-auto elementor-widget elementor-widget-heading\" data-id=\"25dde17\" data-element_type=\"widget\" data-widget_type=\"heading.default\">\n\t\t\t\t<div class=\"elementor-widget-container\">\n\t\t\t<h2 class=\"elementor-heading-title elementor-size-default\">objectif<\/h2>\t\t<\/div>\n\t\t\t\t<\/div>\n\t\t\t\t<div class=\"elementor-element elementor-element-2020f08 elementor-widget elementor-widget-heading\" data-id=\"2020f08\" data-element_type=\"widget\" data-widget_type=\"heading.default\">\n\t\t\t\t<div class=\"elementor-widget-container\">\n\t\t\t<h2 class=\"elementor-heading-title elementor-size-default\">un<\/h2>\t\t<\/div>\n\t\t\t\t<\/div>\n\t\t\t\t<div class=\"elementor-element elementor-element-cdc3f16 elementor-widget elementor-widget-heading\" data-id=\"cdc3f16\" data-element_type=\"widget\" data-widget_type=\"heading.default\">\n\t\t\t\t<div class=\"elementor-widget-container\">\n\t\t\t<h2 class=\"elementor-heading-title elementor-size-default\">putt<\/h2>\t\t<\/div>\n\t\t\t\t<\/div>\n\t\t\t\t<\/div>\n\t\t\t\t<\/div>\n\t\t\t\t\t<\/div>\n\t\t\t\t<\/div>\n\t\t<div class=\"elementor-element elementor-element-604cc70 e-flex e-con-boxed e-con e-parent\" data-id=\"604cc70\" data-element_type=\"container\">\n\t\t\t\t\t<div class=\"e-con-inner\">\n\t\t\t\t<div class=\"elementor-element elementor-element-a10ddda elementor-widget elementor-widget-spacer\" data-id=\"a10ddda\" data-element_type=\"widget\" data-widget_type=\"spacer.default\">\n\t\t\t\t<div class=\"elementor-widget-container\">\n\t\t\t\t\t<div class=\"elementor-spacer\">\n\t\t\t<div class=\"elementor-spacer-inner\"><\/div>\n\t\t<\/div>\n\t\t\t\t<\/div>\n\t\t\t\t<\/div>\n\t\t<div class=\"elementor-element elementor-element-8d5847f e-con-full e-flex e-con e-child\" data-id=\"8d5847f\" data-element_type=\"container\">\n\t\t<div class=\"elementor-element elementor-element-17bd776 e-grid e-con-full e-con e-child\" data-id=\"17bd776\" data-element_type=\"container\">\n\t\t<div class=\"elementor-element elementor-element-073fb33 e-grid e-con-full e-con e-child\" data-id=\"073fb33\" data-element_type=\"container\">\n\t\t\t\t<div class=\"elementor-element elementor-element-0a94b40 elementor-widget elementor-widget-heading\" data-id=\"0a94b40\" data-element_type=\"widget\" data-widget_type=\"heading.default\">\n\t\t\t\t<div class=\"elementor-widget-container\">\n\t\t\t<h2 class=\"elementor-heading-title elementor-size-default\">Comment ?<\/h2>\t\t<\/div>\n\t\t\t\t<\/div>\n\t\t\t\t<div class=\"elementor-element elementor-element-9020977 elementor-widget elementor-widget-text-editor\" data-id=\"9020977\" data-element_type=\"widget\" data-widget_type=\"text-editor.default\">\n\t\t\t\t<div class=\"elementor-widget-container\">\n\t\t\t\t\t\t\t<p><strong>En disposant d&#8217;informations pr\u00e9cises sur les caract\u00e9ristiques du green<\/strong><\/p>\t\t\t\t\t\t<\/div>\n\t\t\t\t<\/div>\n\t\t\t\t<\/div>\n\t\t\t\t<div class=\"elementor-element elementor-element-67521ab elementor-widget elementor-widget-image\" data-id=\"67521ab\" data-element_type=\"widget\" data-widget_type=\"image.default\">\n\t\t\t\t<div class=\"elementor-widget-container\">\n\t\t\t\t\t\t\t\t\t\t\t\t\t<img decoding=\"async\" width=\"800\" height=\"800\" src=\"https:\/\/www.greens-maps.ch\/wp-content\/uploads\/2024\/12\/CarnetGreen01.png\" class=\"attachment-large size-large wp-image-126\" alt=\"\" srcset=\"https:\/\/www.greens-maps.ch\/wp-content\/uploads\/2024\/12\/CarnetGreen01.png 1024w, https:\/\/www.greens-maps.ch\/wp-content\/uploads\/2024\/12\/CarnetGreen01-300x300.png 300w, https:\/\/www.greens-maps.ch\/wp-content\/uploads\/2024\/12\/CarnetGreen01-150x150.png 150w, https:\/\/www.greens-maps.ch\/wp-content\/uploads\/2024\/12\/CarnetGreen01-768x768.png 768w\" sizes=\"(max-width: 800px) 100vw, 800px\" \/>\t\t\t\t\t\t\t\t\t\t\t\t\t<\/div>\n\t\t\t\t<\/div>\n\t\t\t\t<\/div>\n\t\t\t\t<\/div>\n\t\t<div class=\"elementor-element elementor-element-bab76a0 e-con-full e-flex e-con e-child\" data-id=\"bab76a0\" data-element_type=\"container\">\n\t\t\t\t<div class=\"elementor-element elementor-element-d680bef elementor-widget elementor-widget-text-editor\" data-id=\"d680bef\" data-element_type=\"widget\" data-widget_type=\"text-editor.default\">\n\t\t\t\t<div class=\"elementor-widget-container\">\n\t\t\t\t\t\t\t<p><a href=\"\/?page_id=234\"><strong>D\u00e9couvrez comment cela est possible<\/strong><\/a><\/p>\t\t\t\t\t\t<\/div>\n\t\t\t\t<\/div>\n\t\t<div class=\"elementor-element elementor-element-3faa4f8 e-grid e-con-full e-con e-child\" data-id=\"3faa4f8\" data-element_type=\"container\">\n\t\t\t\t<div class=\"elementor-element elementor-element-e9fd5b5 elementor-widget elementor-widget-image\" data-id=\"e9fd5b5\" data-element_type=\"widget\" data-widget_type=\"image.default\">\n\t\t\t\t<div class=\"elementor-widget-container\">\n\t\t\t\t\t\t\t\t\t\t\t\t\t<img decoding=\"async\" width=\"800\" height=\"897\" src=\"https:\/\/www.greens-maps.ch\/wp-content\/uploads\/2024\/12\/Sans-titre-913x1024.png\" class=\"attachment-large size-large wp-image-114\" alt=\"\" srcset=\"https:\/\/www.greens-maps.ch\/wp-content\/uploads\/2024\/12\/Sans-titre-913x1024.png 913w, https:\/\/www.greens-maps.ch\/wp-content\/uploads\/2024\/12\/Sans-titre-268x300.png 268w, https:\/\/www.greens-maps.ch\/wp-content\/uploads\/2024\/12\/Sans-titre-768x861.png 768w, https:\/\/www.greens-maps.ch\/wp-content\/uploads\/2024\/12\/Sans-titre.png 966w\" sizes=\"(max-width: 800px) 100vw, 800px\" \/>\t\t\t\t\t\t\t\t\t\t\t\t\t<\/div>\n\t\t\t\t<\/div>\n\t\t\t\t<div class=\"elementor-element elementor-element-4d65426 elementor-widget elementor-widget-text-editor\" data-id=\"4d65426\" data-element_type=\"widget\" data-widget_type=\"text-editor.default\">\n\t\t\t\t<div class=\"elementor-widget-container\">\n\t\t\t\t\t\t\t<p><strong>Avec des cartes combinants des propri\u00e9t\u00e9s typographiques:<\/strong><\/p><ul><li>Relief<\/li><li>Lignes du niveau<\/li><li>Directions de pentes<\/li><\/ul>\t\t\t\t\t\t<\/div>\n\t\t\t\t<\/div>\n\t\t\t\t<\/div>\n\t\t<div class=\"elementor-element elementor-element-3ace6cd e-con-full e-flex e-con e-child\" data-id=\"3ace6cd\" data-element_type=\"container\">\n\t\t\t\t<div class=\"elementor-element elementor-element-0bd05a3 elementor-widget elementor-widget-text-editor\" data-id=\"0bd05a3\" data-element_type=\"widget\" data-widget_type=\"text-editor.default\">\n\t\t\t\t<div class=\"elementor-widget-container\">\n\t\t\t\t\t\t\t<p><strong><a href=\"\/?page_id=384\">Est-ce conforme aux r\u00e8gles de golf?<\/a><\/strong><\/p>\t\t\t\t\t\t<\/div>\n\t\t\t\t<\/div>\n\t\t\t\t<\/div>\n\t\t\t\t<\/div>\n\t\t\t\t\t<\/div>\n\t\t\t\t<\/div>\n\t\t\t\t<\/div>\n\t\t","protected":false},"excerpt":{"rendered":"<p>objectif un putt Comment ? En disposant d&#8217;informations pr\u00e9cises sur les caract\u00e9ristiques du green D\u00e9couvrez comment cela est possible Avec des cartes combinants des propri\u00e9t\u00e9s typographiques: Relief Lignes du niveau Directions de pentes Est-ce conforme aux r\u00e8gles de golf?<\/p>\n","protected":false},"author":1,"featured_media":0,"parent":0,"menu_order":0,"comment_status":"closed","ping_status":"closed","template":"","meta":{"footnotes":""},"class_list":["post-194","page","type-page","status-publish","hentry"],"_links":{"self":[{"href":"https:\/\/www.greens-maps.ch\/index.php?rest_route=\/wp\/v2\/pages\/194","targetHints":{"allow":["GET"]}}],"collection":[{"href":"https:\/\/www.greens-maps.ch\/index.php?rest_route=\/wp\/v2\/pages"}],"about":[{"href":"https:\/\/www.greens-maps.ch\/index.php?rest_route=\/wp\/v2\/types\/page"}],"author":[{"embeddable":true,"href":"https:\/\/www.greens-maps.ch\/index.php?rest_route=\/wp\/v2\/users\/1"}],"replies":[{"embeddable":true,"href":"https:\/\/www.greens-maps.ch\/index.php?rest_route=%2Fwp%2Fv2%2Fcomments&post=194"}],"version-history":[{"count":58,"href":"https:\/\/www.greens-maps.ch\/index.php?rest_route=\/wp\/v2\/pages\/194\/revisions"}],"predecessor-version":[{"id":621,"href":"https:\/\/www.greens-maps.ch\/index.php?rest_route=\/wp\/v2\/pages\/194\/revisions\/621"}],"wp:attachment":[{"href":"https:\/\/www.greens-maps.ch\/index.php?rest_route=%2Fwp%2Fv2%2Fmedia&parent=194"}],"curies":[{"name":"wp","href":"https:\/\/api.w.org\/{rel}","templated":true}]}}